{"id":2,"date":"2024-07-16T18:23:24","date_gmt":"2024-07-16T18:23:24","guid":{"rendered":"http:\/\/mavedanseren.dk\/?page_id=2"},"modified":"2024-07-17T21:26:31","modified_gmt":"2024-07-17T21:26:31","slug":"moed-tanja","status":"publish","type":"page","link":"https:\/\/mavedanseren.dk\/?page_id=2","title":{"rendered":"M\u00f8d Tanja"},"content":{"rendered":"\n<p>Jeg danser mavedans, fordi det er noget af det bedste jeg ved. For mig er dansen lig med gl\u00e6de og livskvalitet. Jeg elsker at bev\u00e6ge mig og styrke min krop til sk\u00f8n musik.<\/p>\n\n\n\n<p>Jeg st\u00f8dte f\u00f8rste gang p\u00e5 den orientalske dans i 2012. Jeg havde i flere \u00e5r haft problemer med l\u00e6ndesmerter og en fysioterapeut anbefalede mig denne motionsform, der \u201dville styrke muskulaturen i korsettet\u201d og p\u00e5 den m\u00e5de hj\u00e6lpe mig.<\/p>\n\n\n\n<p>Jeg kastede mig ud i det og har ikke kunnet slippe dansen siden. Dengang hjalp den mig ud af rygsmerterne. Men den introducerede mig ogs\u00e5 for et f\u00e6llesskab og for musik, jeg har l\u00e6rt at elske og i dag ikke kan leve uden.<\/p>\n\n\n\n<p>Jeg synes, det er fantastisk, at f\u00e5 lov at introducere dansen til nye dansere samt at n\u00f8rde videre med detaljerne sammen med de mere garvede.<\/p>\n\n\n\n<p>Jeg h\u00e5ber, jeg ogs\u00e5 kan v\u00e6re med til at inspirere dig.<\/p>\n\n\n\n<p><\/p>\n","protected":false},"excerpt":{"rendered":"<p>Jeg danser mavedans, fordi det er noget af det bedste jeg ved. For mig er dansen lig med gl\u00e6de og livskvalitet. Jeg elsker at bev\u00e6ge mig og styrke min krop til sk\u00f8n musik. Jeg st\u00f8dte f\u00f8rste gang p\u00e5 den orientalske dans i 2012. Jeg havde i flere \u00e5r haft problemer med l\u00e6ndesmerter og en fysioterapeut&#8230;<\/p>\n","protected":false},"author":1,"featured_media":0,"parent":0,"menu_order":1,"comment_status":"closed","ping_status":"closed","template":"","meta":{"footnotes":""},"class_list":["post-2","page","type-page","status-publish","hentry"],"_links":{"self":[{"href":"https:\/\/mavedanseren.dk\/index.php?rest_route=\/wp\/v2\/pages\/2","targetHints":{"allow":["GET"]}}],"collection":[{"href":"https:\/\/mavedanseren.dk\/index.php?rest_route=\/wp\/v2\/pages"}],"about":[{"href":"https:\/\/mavedanseren.dk\/index.php?rest_route=\/wp\/v2\/types\/page"}],"author":[{"embeddable":true,"href":"https:\/\/mavedanseren.dk\/index.php?rest_route=\/wp\/v2\/users\/1"}],"replies":[{"embeddable":true,"href":"https:\/\/mavedanseren.dk\/index.php?rest_route=%2Fwp%2Fv2%2Fcomments&post=2"}],"version-history":[{"count":3,"href":"https:\/\/mavedanseren.dk\/index.php?rest_route=\/wp\/v2\/pages\/2\/revisions"}],"predecessor-version":[{"id":64,"href":"https:\/\/mavedanseren.dk\/index.php?rest_route=\/wp\/v2\/pages\/2\/revisions\/64"}],"wp:attachment":[{"href":"https:\/\/mavedanseren.dk\/index.php?rest_route=%2Fwp%2Fv2%2Fmedia&parent=2"}],"curies":[{"name":"wp","href":"https:\/\/api.w.org\/{rel}","templated":true}]}}